List the prime factors of 136234154.
2, 7, 9731011
List the prime factors of 18256803.
3, 6085601
List the prime factors of 3254494963.
23, 131, 197, 5483
What are the prime factors of 37979032?
2, 7, 13, 4013
What are the prime factors of 17227670?
2, 5, 229, 7523
List the prime factors of 2008421004.
2, 3, 17, 389, 25309
List the prime factors of 8116345.
5, 1623269
List the prime factors of 96293637.
3, 11, 349, 929
List the prime factors of 172601506.
2, 7, 11, 523, 2143
What are the prime factors of 769588805?
5, 29, 5307509
List the prime factors of 485034500.
2, 5, 970069
What are the prime factors of 1448501293?
163, 8886511
List the prime factors of 245666515.
5, 139, 2543
List the prime factors of 72188239.
17, 19, 223493
What are the prime factors of 220532192?
2, 6891631
What are the prime factors of 117384470?
2, 5, 7, 19, 88259
What are the prime factors of 1907573055?
3, 5, 127171537
List the prime factors of 138537370.
2, 5, 499, 27763
List the prime factors of 1442090786.
2, 41, 1321, 13313
What are the prime factors of 4324124847?
3, 7, 337, 611011
What are the prime factors of 610925194?
2, 11, 29, 957563
What are the prime factors of 31873417?
1399, 22783
List the prime factors of 1118973961.
7, 29, 5512187
What are the prime factors of 7207383421?
7, 941, 1094183
What are the prime factors of 2187554532?
2, 3, 182296211
List the prime factors of 127844910.
2, 3, 5, 79, 17981
List the prime factors of 97324011.
3, 1201531
What are the prime factors of 1065260811?
3, 41, 8660657
List the prime factors of 9817930.
2, 5, 167, 5879
List the prime factors of 538165349.
167, 3222547
List the prime factors of 4391751.
3, 7, 13, 16087
List the prime factors of 43251821.
3847, 11243
List the prime factors of 549794082.
2, 3, 193, 474779
List the prime factors of 103949836.
2, 19, 1367761
What are the prime factors of 4758045362?
2, 7, 339860383
What are the prime factors of 132445420?
2, 5, 227, 29173
What are the prime factors of 2710453946?
2, 223, 311, 19541
List the prime factors of 754869811.
83, 97, 93761
What are the prime factors of 2014523915?
5, 402904783
What are the prime factors of 14230803?
3, 4743601
What are the prime factors of 264351417?
3, 11, 229, 34981
What are the prime factors of 21210214?
2, 97, 109331
List the prime factors of 980232747.
3, 13, 25134173
What are the prime factors of 144298736?
2, 9018671
What are the prime factors of 21221207?
7, 263, 11527
List the prime factors of 244121880.
2, 3, 5, 19, 107071
List the prime factors of 6780242122.
2, 59, 1973, 29123
List the prime factors of 2136618648.
2, 3, 3297251
List the prime factors of 59897359.
23, 137, 19009
List the prime factors of 47575120.
2, 5, 61, 9749
List the prime factors of 1678939002.
2, 3, 13, 265739
What are the prime factors of 177493259?
31, 83, 101, 683
List the prime factors of 567565645.
5, 113513129
List the prime factors of 1177124076.
2, 3, 61, 19853
List the prime factors of 357399785.
5, 19, 3762103
What are the prime factors of 46026835?
5, 19, 484493
What are the prime factors of 268772927?
349, 770123
What are the prime factors of 22035676?
2, 13, 423763
List the prime factors of 2088884252.
2, 7, 13, 5738693
What are the prime factors of 4332834386?
2, 2166417193
What are the prime factors of 172305135?
3, 5, 1889, 2027
List the prime factors of 28814158.
2, 14407079
What are the prime factors of 59367368?
2, 7420921
What are the prime factors of 1618495655?
5, 7, 29, 593, 2689
What are the prime factors of 170676111?
3, 31, 1835227
List the prime factors of 25717700.
2, 5, 257177
List the prime factors of 501849470.
2, 5, 19, 2641313
What are the prime factors of 45514026?
2, 3, 2528557
List the prime factors of 502804312.
2, 1259, 49921
List the prime factors of 15599069.
59, 264391
What are the prime factors of 992052?
2, 3, 17, 1621
What are the prime factors of 321449779?
7, 47, 751, 1301
What are the prime factors of 4494280515?
3, 5, 431, 695171
List the prime factors of 380631415.
5, 76126283
What are the prime factors of 151768291?
211, 719281
What are the prime factors of 1092702715?
5, 13, 59, 499, 571
What are the prime factors of 8126783468?
2, 569, 3570643
List the prime factors of 210690948.
2, 3, 13, 23, 4517
List the prime factors of 499339297.
499339297
What are the prime factors of 15154945?
5, 13, 107, 2179
What are the prime factors of 337100998?
2, 13, 12965423
List the prime factors of 4127756927.
7, 17, 139, 257, 971
List the prime factors of 15026326.
2, 7, 167, 6427
List the prime factors of 73260063.
3, 811, 10037
What are the prime factors of 3960551317?
3960551317
What are the prime factors of 170329842?
2, 3, 9462769
List the prime factors of 14284371.
3, 19, 131, 1913
What are the prime factors of 24401800?
2, 5, 17, 7177
List the prime factors of 38102882.
2, 17, 1120673
List the prime factors of 81049811.
1423, 56957
List the prime factors of 18898270.
2, 5, 83, 22769
List the prime factors of 9393964.
2, 2348491
What are the prime factors of 33684433?
349, 96517
What are the prime factors of 194664341?
23, 8463667
What are the prime factors of 491748462?
2, 3, 19, 479287
What are the prime factors of 608565402?
2, 3, 19, 31, 61, 941
What are the prime factors of 41716592?
2, 331, 7877
What are the prime factors of 154070353?
23, 1483, 4517
What are the prime factors of 6532237?
643, 10159
What are the prime factors of 4745607962?
2, 2372803981
What are the prime factors of 207290088?
2, 3, 1279, 2251
List the prime factors of 114969489.
3, 38323163
What are the prime factors of 389575241?
11, 29, 1221239
What are the prime factors of 3526913315?
5, 163, 4327501
What are the prime factors of 3653662208?
2, 7, 29, 35153
What are the prime factors of 71853480?
2, 3, 5, 67, 331
List the prime factors of 315731782.
2, 3943, 40037
List the prime factors of 9425754.
2, 3, 13, 29, 463
List the prime factors of 333861753.
3, 131, 509, 1669
List the prime factors of 180374109.
3, 47, 1279249
What are the prime factors of 473461498?
2, 236730749
What are the prime factors of 460677270?
2, 3, 5, 113, 135893
What are the prime factors of 624598964?
2, 11, 79, 179689
What are the prime factors of 50543041?
139, 363619
What are the prime factors of 1619809130?
2, 5, 17, 9528289
What are the prime factors of 133317175?
5, 5332687
What are the prime factors of 1604746714?
2, 16223, 49459
What are the prime factors of 45279429?
3, 13, 1161011
What are the prime factors of 326813683?
7, 1667, 4001
What are the prime factors of 2416234865?
5, 11, 37, 1187339
What are the prime factors of 762612822?
2, 3, 101, 577, 727
What are the prime factors of 39126397?
821, 47657
What are the prime factors of 520734138?
2, 3, 251, 345773
What are the prime factors of 705624719?
41, 59, 291701
List the prime factors of 253153897.
253153897
List the prime factors of 29821068.
2, 3, 419, 659
List the prime factors of 54484684.
2, 197, 69143
List the prime factors of 2032996388.
2, 508249097
List the prime factors of 4425839616.
2, 3, 11, 130973
List the prime factors of 135068821.
499, 270679
List the prime factors of 92214946.
2, 2731, 16883
List the prime factors of 799296670.
2, 5, 223, 358429
List the prime factors of 14513212.
2, 7, 74047
What are the prime factors of 461879321?
461879321
What are the prime factors of 568365438?
2, 3, 94727573
List the prime factors of 55137611.
3307, 16673
List the prime factors of 47142368.
2, 7, 13, 16189
List the prime factors of 119558904.
2, 3, 139, 35839
List the prime factors of 822247076.
2, 7, 2957, 9931
List the prime factors of 2054445125.
5, 16435561
List the prime factors of 9738957.
3, 3246319
List the prime factors of 368229606.
2, 3, 61371601
What are the prime factors of 18423409?
1103, 16703
List the prime factors of 232398201.
3, 7, 73, 151597
What are the prime factors of 178584116?
2, 17, 19, 277, 499
What are the prime factors of 5612470943?
5612470943
What are the prime factors of 470173819?
470173819
List the prime factors of 3956313772.
2, 989078443
What are the prime factors of 111206078?
2, 17, 1231, 2657
List the prime factors of 4726916211.
3, 7723, 204019
What are the prime factors of 2230945045?
5, 7, 5843, 10909
What are the prime factors of 694